{"id":2250,"date":"2025-11-07T23:01:23","date_gmt":"2025-11-07T23:01:23","guid":{"rendered":"https:\/\/nutrivida.cl\/store\/producto\/duo-pack-nadashwagandha\/"},"modified":"2025-11-10T16:19:07","modified_gmt":"2025-11-10T16:19:07","slug":"duo-pack-nadashwagandha","status":"publish","type":"product","link":"https:\/\/nutrivida.cl\/store\/producto\/duo-pack-nadashwagandha\/","title":{"rendered":"DUO PACK NAD+ASHWAGANDHA"},"content":{"rendered":"<h2 data-start=\"263\" data-end=\"309\">\ud83c\udf3f Pack Ashwagandha + NAD con Resveratrol<\/h2>\n<p data-start=\"310\" data-end=\"370\"><strong data-start=\"310\" data-end=\"370\">Energ\u00eda, equilibrio y bienestar celular en un solo pack.<\/strong><\/p>\n<h3 data-start=\"372\" data-end=\"390\">\ud83d\udcac Descripci\u00f3n<\/h3>\n<p data-start=\"391\" data-end=\"778\">Nuestro <strong data-start=\"399\" data-end=\"441\">Pack Ashwagandha + NAD con Resveratrol<\/strong> est\u00e1 dise\u00f1ado para quienes buscan mejorar su rendimiento f\u00edsico y mental de forma natural.<br data-start=\"532\" data-end=\"535\" \/>Combina el poder adapt\u00f3geno de la <strong data-start=\"569\" data-end=\"584\">Ashwagandha<\/strong>, conocida por reducir el estr\u00e9s y mejorar la concentraci\u00f3n, con el efecto antioxidante y rejuvenecedor del <strong data-start=\"692\" data-end=\"714\">NAD+ y Resveratrol<\/strong>, que apoyan la salud celular y la energ\u00eda a nivel mitocondrial.<\/p>\n<p data-start=\"780\" data-end=\"877\">Este d\u00fao es ideal para mantener un estado de <strong data-start=\"825\" data-end=\"860\">equilibrio, vitalidad y enfoque<\/strong> en el d\u00eda a d\u00eda. Cada frasco trae 60 capsulas<\/p>\n<hr data-start=\"879\" data-end=\"882\" \/>\n<h3 data-start=\"884\" data-end=\"900\">\u26a1 Beneficios<\/h3>\n<p data-start=\"901\" data-end=\"1072\"><strong data-start=\"901\" data-end=\"938\">Ashwagandha\u00a0<\/strong><br data-start=\"938\" data-end=\"941\" \/>\u2705 Disminuye el estr\u00e9s y la ansiedad.<br data-start=\"977\" data-end=\"980\" \/>\u2705 Mejora el sue\u00f1o y la recuperaci\u00f3n.<br data-start=\"1016\" data-end=\"1019\" \/>\u2705 Aumenta la concentraci\u00f3n y la resistencia f\u00edsica.<\/p>\n<p data-start=\"1074\" data-end=\"1254\"><strong data-start=\"1074\" data-end=\"1096\">NAD + Resveratrol:<\/strong><br data-start=\"1096\" data-end=\"1099\" \/>\u2705 Favorece la regeneraci\u00f3n celular y el envejecimiento saludable.<br data-start=\"1164\" data-end=\"1167\" \/>\u2705 Mejora la energ\u00eda y el rendimiento cognitivo.<br data-start=\"1214\" data-end=\"1217\" \/>\u2705 Protege contra el da\u00f1o oxidativo.<\/p>\n<hr data-start=\"1256\" data-end=\"1259\" \/>\n<h3 data-start=\"1261\" data-end=\"1279\">\ud83e\udde0 Ideal para:<\/h3>\n<ul data-start=\"1280\" data-end=\"1504\">\n<li data-start=\"1280\" data-end=\"1342\">\n<p data-start=\"1282\" data-end=\"1342\">Personas con ritmo de vida intenso o alto nivel de estr\u00e9s.<\/p>\n<\/li>\n<li data-start=\"1343\" data-end=\"1413\">\n<p data-start=\"1345\" data-end=\"1413\">Quienes buscan mejorar energ\u00eda y claridad mental sin estimulantes.<\/p>\n<\/li>\n<li data-start=\"1414\" data-end=\"1504\">\n<p data-start=\"1416\" data-end=\"1504\">Deportistas o profesionales que desean optimizar su recuperaci\u00f3n y rendimiento diario.<\/p>\n<\/li>\n<\/ul>\n<hr data-start=\"1821\" data-end=\"1824\" \/>\n<p>&nbsp;<\/p>\n","protected":false},"excerpt":{"rendered":"<p>\ud83c\udf3f Pack Ashwagandha + NAD con Resveratrol Energ\u00eda, equilibrio y bienestar celular en un solo pack. \ud83d\udcac Descripci\u00f3n Nuestro Pack Ashwagandha + NAD con Resveratrol est\u00e1 dise\u00f1ado para quienes buscan mejorar su rendimiento f\u00edsico y mental de forma natural.Combina el poder adapt\u00f3geno de la Ashwagandha, conocida por reducir el estr\u00e9s y mejorar la concentraci\u00f3n, con el efecto antioxidante y rejuvenecedor del NAD+ y Resveratrol, que apoyan la salud celular y la energ\u00eda a nivel mitocondrial. Este d\u00fao es ideal para mantener un estado de equilibrio, vitalidad y enfoque en el d\u00eda a d\u00eda. Cada frasco trae 60 capsulas \u26a1 Beneficios Ashwagandha\u00a0\u2705 Disminuye el estr\u00e9s y la ansiedad.\u2705 Mejora el sue\u00f1o y la recuperaci\u00f3n.\u2705 Aumenta la concentraci\u00f3n y la resistencia f\u00edsica. NAD + Resveratrol:\u2705 Favorece la regeneraci\u00f3n celular y el envejecimiento saludable.\u2705 Mejora la energ\u00eda y el rendimiento cognitivo.\u2705 Protege contra el da\u00f1o oxidativo. \ud83e\udde0 Ideal para: Personas con ritmo de vida intenso o alto nivel de estr\u00e9s. Quienes buscan mejorar energ\u00eda y claridad mental sin estimulantes. Deportistas o profesionales que desean optimizar su recuperaci\u00f3n y rendimiento diario. &nbsp;<\/p>\n","protected":false},"featured_media":2257,"comment_status":"open","ping_status":"closed","template":"","meta":{"_monsterinsights_skip_tracking":false,"_monsterinsights_sitenote_active":false,"_monsterinsights_sitenote_note":"","_monsterinsights_sitenote_category":0},"product_brand":[45],"product_cat":[15],"product_tag":[],"class_list":{"0":"post-2250","1":"product","2":"type-product","3":"status-publish","4":"has-post-thumbnail","6":"product_brand-vidanova","7":"product_cat-sin-categoria","9":"first","10":"instock","11":"shipping-taxable","12":"purchasable","13":"product-type-simple"},"_links":{"self":[{"href":"https:\/\/nutrivida.cl\/store\/wp-json\/wp\/v2\/product\/2250","targetHints":{"allow":["GET"]}}],"collection":[{"href":"https:\/\/nutrivida.cl\/store\/wp-json\/wp\/v2\/product"}],"about":[{"href":"https:\/\/nutrivida.cl\/store\/wp-json\/wp\/v2\/types\/product"}],"replies":[{"embeddable":true,"href":"https:\/\/nutrivida.cl\/store\/wp-json\/wp\/v2\/comments?post=2250"}],"wp:featuredmedia":[{"embeddable":true,"href":"https:\/\/nutrivida.cl\/store\/wp-json\/wp\/v2\/media\/2257"}],"wp:attachment":[{"href":"https:\/\/nutrivida.cl\/store\/wp-json\/wp\/v2\/media?parent=2250"}],"wp:term":[{"taxonomy":"product_brand","embeddable":true,"href":"https:\/\/nutrivida.cl\/store\/wp-json\/wp\/v2\/product_brand?post=2250"},{"taxonomy":"product_cat","embeddable":true,"href":"https:\/\/nutrivida.cl\/store\/wp-json\/wp\/v2\/product_cat?post=2250"},{"taxonomy":"product_tag","embeddable":true,"href":"https:\/\/nutrivida.cl\/store\/wp-json\/wp\/v2\/product_tag?post=2250"}],"curies":[{"name":"wp","href":"https:\/\/api.w.org\/{rel}","templated":true}]}}