{"id":2262,"date":"2025-11-07T23:40:59","date_gmt":"2025-11-07T23:40:59","guid":{"rendered":"https:\/\/nutrivida.cl\/store\/producto\/nad-resveratrol-1000mg-60-caps-original\/"},"modified":"2025-11-10T16:19:34","modified_gmt":"2025-11-10T16:19:34","slug":"nad-resveratrol-1000mg-60-caps-original","status":"publish","type":"product","link":"https:\/\/nutrivida.cl\/store\/producto\/nad-resveratrol-1000mg-60-caps-original\/","title":{"rendered":"NAD+ RESVERATROL 1000MG 60 CAPS ORIGINAL"},"content":{"rendered":"<h2 data-start=\"251\" data-end=\"298\">\ud83d\udca5 NAD + Resveratrol 1000 mg \u2013 60 c\u00e1psulas<\/h2>\n<p data-start=\"299\" data-end=\"354\"><strong data-start=\"299\" data-end=\"354\">Energ\u00eda celular, antioxidaci\u00f3n y longevidad activa.<\/strong><\/p>\n<h3 data-start=\"356\" data-end=\"374\">\ud83d\udcac Descripci\u00f3n<\/h3>\n<p data-start=\"375\" data-end=\"859\">El suplemento <strong data-start=\"389\" data-end=\"418\">NAD + Resveratrol 1000 mg<\/strong> est\u00e1 formulado para potenciar la energ\u00eda celular, apoyar el metabolismo y contribuir al bienestar general desde el interior.<br data-start=\"543\" data-end=\"546\" \/>El <strong data-start=\"549\" data-end=\"564\">Resveratrol<\/strong>, derivado de la uva (<em data-start=\"586\" data-end=\"602\">Vitis vinifera<\/em>), es un antioxidante natural que ayuda a proteger las c\u00e9lulas del da\u00f1o oxidativo.<br data-start=\"684\" data-end=\"687\" \/>El <strong data-start=\"690\" data-end=\"734\">NAD\u207a (nicotinamida adenina dinucle\u00f3tido)<\/strong> interviene en los procesos de producci\u00f3n de energ\u00eda y reparaci\u00f3n celular, favoreciendo la vitalidad y la funci\u00f3n metab\u00f3lica.<\/p>\n<p data-start=\"861\" data-end=\"982\">Esta combinaci\u00f3n es ideal para quienes buscan <strong data-start=\"907\" data-end=\"981\">mayor energ\u00eda, rendimiento f\u00edsico y mental, y envejecimiento saludable<\/strong>.<\/p>\n<hr data-start=\"984\" data-end=\"987\" \/>\n<h3 data-start=\"989\" data-end=\"1011\">\u26a1 Beneficios clave<\/h3>\n<p data-start=\"1012\" data-end=\"1384\">\u2705 <strong data-start=\"1014\" data-end=\"1064\">Aumenta la producci\u00f3n natural de energ\u00eda (ATP)<\/strong> a nivel celular.<br data-start=\"1081\" data-end=\"1084\" \/>\u2705 <strong data-start=\"1086\" data-end=\"1135\">Promueve la reparaci\u00f3n y regeneraci\u00f3n celular<\/strong>, ayudando a mantener la vitalidad.<br data-start=\"1170\" data-end=\"1173\" \/>\u2705 <strong data-start=\"1175\" data-end=\"1206\">Potente acci\u00f3n antioxidante<\/strong>, que protege frente al estr\u00e9s oxidativo.<br data-start=\"1247\" data-end=\"1250\" \/>\u2705 <strong data-start=\"1252\" data-end=\"1299\">Apoya la funci\u00f3n cerebral y cardiovascular.<\/strong><br data-start=\"1299\" data-end=\"1302\" \/>\u2705 Ideal para quienes desean mantener una <strong data-start=\"1343\" data-end=\"1383\">vida activa, equilibrada y saludable<\/strong>.<\/p>\n<hr data-start=\"1386\" data-end=\"1389\" \/>\n<h3 data-start=\"1391\" data-end=\"1409\">\ud83d\udc8a Modo de uso<\/h3>\n<p data-start=\"1410\" data-end=\"1565\">Se recomienda tomar <strong data-start=\"1430\" data-end=\"1450\">1 c\u00e1psula al d\u00eda<\/strong> junto a las comidas, con abundante agua.<br data-start=\"1491\" data-end=\"1494\" \/>Cada frasco contiene <strong data-start=\"1515\" data-end=\"1530\">60 c\u00e1psulas<\/strong>, equivalente a <strong data-start=\"1546\" data-end=\"1562\">60 porciones<\/strong>.<\/p>\n<p data-start=\"1567\" data-end=\"1663\"><em data-start=\"1567\" data-end=\"1663\">(No recomendado para menores de 8 a\u00f1os, embarazadas o nodrizas, salvo indicaci\u00f3n profesional.)<\/em><\/p>\n<hr data-start=\"1665\" data-end=\"1668\" \/>\n<h3 data-start=\"1670\" data-end=\"1723\">\ud83d\udcca Informaci\u00f3n nutricional (por porci\u00f3n estimada)<\/h3>\n<ul data-start=\"1724\" data-end=\"1872\">\n<li data-start=\"1724\" data-end=\"1757\">\n<p data-start=\"1726\" data-end=\"1757\"><strong data-start=\"1726\" data-end=\"1738\">Energ\u00eda:<\/strong> baja en calor\u00edas<\/p>\n<\/li>\n<li data-start=\"1758\" data-end=\"1786\">\n<p data-start=\"1760\" data-end=\"1786\"><strong data-start=\"1760\" data-end=\"1776\">Resveratrol:<\/strong> 1000 mg<\/p>\n<\/li>\n<li data-start=\"1787\" data-end=\"1872\">\n<p data-start=\"1789\" data-end=\"1872\"><strong data-start=\"1789\" data-end=\"1823\">Nicotinamida (precursor NAD\u207a):<\/strong> cantidad estandarizada seg\u00fan dosis recomendada<\/p>\n<\/li>\n<\/ul>\n<hr data-start=\"1874\" data-end=\"1877\" \/>\n<h3 data-start=\"1879\" data-end=\"1898\">\ud83c\udf31 Ingredientes<\/h3>\n<p data-start=\"1899\" data-end=\"2028\">Resveratrol (extracto natural de uva),<br data-start=\"1937\" data-end=\"1940\" \/>Nicotinamida (precursor de NAD\u207a),<br data-start=\"1973\" data-end=\"1976\" \/>Agente de carga vegetal,<br data-start=\"2000\" data-end=\"2003\" \/>C\u00e1psula vegetal (HPMC).<\/p>\n<p data-start=\"2030\" data-end=\"2125\">Libre de gluten | Sin az\u00facar a\u00f1adida | Apto para vegetarianos | Elaborado bajo est\u00e1ndares GMP<\/p>\n<hr data-start=\"2127\" data-end=\"2130\" \/>\n<h3 data-start=\"2132\" data-end=\"2166\">\ud83e\uddf4 Presentaci\u00f3n y conservaci\u00f3n<\/h3>\n<ul data-start=\"2167\" data-end=\"2356\">\n<li data-start=\"2167\" data-end=\"2231\">\n<p data-start=\"2169\" data-end=\"2231\"><strong data-start=\"2169\" data-end=\"2188\">Contenido neto:<\/strong> 60 c\u00e1psulas (peso neto aproximado 60 g).<\/p>\n<\/li>\n<li data-start=\"2232\" data-end=\"2313\">\n<p data-start=\"2234\" data-end=\"2313\"><strong data-start=\"2234\" data-end=\"2251\">Conservaci\u00f3n:<\/strong> mantener en lugar fresco y seco, protegido de la luz solar.<\/p>\n<\/li>\n<li data-start=\"2314\" data-end=\"2356\">\n<p data-start=\"2316\" data-end=\"2356\">Mantener fuera del alcance de los ni\u00f1os.<\/p>\n<\/li>\n<\/ul>\n<hr data-start=\"2358\" data-end=\"2361\" \/>\n<h3 data-start=\"2363\" data-end=\"2387\">\ud83d\udc9a Calidad NutraVida<\/h3>\n<p data-start=\"2388\" data-end=\"2654\">VIDANOVA es marca Registrada en INAPI, se trabaja con resoluci\u00f3n sanitaria entregada por SEREMI de Ministerio de Salud de Chile<\/p>\n","protected":false},"excerpt":{"rendered":"<p>\ud83d\udca5 NAD + Resveratrol 1000 mg \u2013 60 c\u00e1psulas Energ\u00eda celular, antioxidaci\u00f3n y longevidad activa. \ud83d\udcac Descripci\u00f3n El suplemento NAD + Resveratrol 1000 mg est\u00e1 formulado para potenciar la energ\u00eda celular, apoyar el metabolismo y contribuir al bienestar general desde el interior.El Resveratrol, derivado de la uva (Vitis vinifera), es un antioxidante natural que ayuda a proteger las c\u00e9lulas del da\u00f1o oxidativo.El NAD\u207a (nicotinamida adenina dinucle\u00f3tido) interviene en los procesos de producci\u00f3n de energ\u00eda y reparaci\u00f3n celular, favoreciendo la vitalidad y la funci\u00f3n metab\u00f3lica. Esta combinaci\u00f3n es ideal para quienes buscan mayor energ\u00eda, rendimiento f\u00edsico y mental, y envejecimiento saludable. \u26a1 Beneficios clave \u2705 Aumenta la producci\u00f3n natural de energ\u00eda (ATP) a nivel celular.\u2705 Promueve la reparaci\u00f3n y regeneraci\u00f3n celular, ayudando a mantener la vitalidad.\u2705 Potente acci\u00f3n antioxidante, que protege frente al estr\u00e9s oxidativo.\u2705 Apoya la funci\u00f3n cerebral y cardiovascular.\u2705 Ideal para quienes desean mantener una vida activa, equilibrada y saludable. \ud83d\udc8a Modo de uso Se recomienda tomar 1 c\u00e1psula al d\u00eda junto a las comidas, con abundante agua.Cada frasco contiene 60 c\u00e1psulas, equivalente a 60 porciones. (No recomendado para menores de 8 a\u00f1os, embarazadas o nodrizas, salvo indicaci\u00f3n profesional.) \ud83d\udcca Informaci\u00f3n nutricional (por porci\u00f3n estimada) Energ\u00eda: baja en calor\u00edas Resveratrol: 1000 mg Nicotinamida (precursor NAD\u207a): cantidad estandarizada seg\u00fan dosis recomendada \ud83c\udf31 Ingredientes Resveratrol (extracto natural de uva),Nicotinamida (precursor de NAD\u207a),Agente de carga vegetal,C\u00e1psula vegetal (HPMC). Libre de gluten | Sin az\u00facar a\u00f1adida | Apto para vegetarianos | Elaborado bajo est\u00e1ndares GMP \ud83e\uddf4 Presentaci\u00f3n y conservaci\u00f3n Contenido neto: 60 c\u00e1psulas (peso neto aproximado 60 g). Conservaci\u00f3n: mantener en lugar fresco y seco, protegido de la luz solar. Mantener fuera del alcance de los ni\u00f1os. \ud83d\udc9a Calidad NutraVida VIDANOVA es marca Registrada en INAPI, se trabaja con resoluci\u00f3n sanitaria entregada por SEREMI de Ministerio de Salud de Chile<\/p>\n","protected":false},"featured_media":2288,"comment_status":"open","ping_status":"closed","template":"","meta":{"_monsterinsights_skip_tracking":false,"_monsterinsights_sitenote_active":false,"_monsterinsights_sitenote_note":"","_monsterinsights_sitenote_category":0},"product_brand":[45],"product_cat":[48],"product_tag":[],"class_list":{"0":"post-2262","1":"product","2":"type-product","3":"status-publish","4":"has-post-thumbnail","6":"product_brand-vidanova","7":"product_cat-nad","9":"first","10":"instock","11":"shipping-taxable","12":"purchasable","13":"product-type-simple"},"_links":{"self":[{"href":"https:\/\/nutrivida.cl\/store\/wp-json\/wp\/v2\/product\/2262","targetHints":{"allow":["GET"]}}],"collection":[{"href":"https:\/\/nutrivida.cl\/store\/wp-json\/wp\/v2\/product"}],"about":[{"href":"https:\/\/nutrivida.cl\/store\/wp-json\/wp\/v2\/types\/product"}],"replies":[{"embeddable":true,"href":"https:\/\/nutrivida.cl\/store\/wp-json\/wp\/v2\/comments?post=2262"}],"wp:featuredmedia":[{"embeddable":true,"href":"https:\/\/nutrivida.cl\/store\/wp-json\/wp\/v2\/media\/2288"}],"wp:attachment":[{"href":"https:\/\/nutrivida.cl\/store\/wp-json\/wp\/v2\/media?parent=2262"}],"wp:term":[{"taxonomy":"product_brand","embeddable":true,"href":"https:\/\/nutrivida.cl\/store\/wp-json\/wp\/v2\/product_brand?post=2262"},{"taxonomy":"product_cat","embeddable":true,"href":"https:\/\/nutrivida.cl\/store\/wp-json\/wp\/v2\/product_cat?post=2262"},{"taxonomy":"product_tag","embeddable":true,"href":"https:\/\/nutrivida.cl\/store\/wp-json\/wp\/v2\/product_tag?post=2262"}],"curies":[{"name":"wp","href":"https:\/\/api.w.org\/{rel}","templated":true}]}}